{"id":205091,"date":"2017-12-01T09:47:07","date_gmt":"2017-12-01T09:47:07","guid":{"rendered":"http:\/\/pharmacyandconsulting.com?page_id=205091"},"modified":"2025-12-22T22:46:52","modified_gmt":"2025-12-22T22:46:52","slug":"our-expertise","status":"publish","type":"page","link":"https:\/\/www.pharmacyandconsulting.com\/?page_id=205091","title":{"rendered":"Notre expertise"},"content":{"rendered":"<p><span style=\"color: #000000;\">Les services fournis par Pharmacy and Consulting s\u2019appuient sur des fondations solides : plus de 15 ans d\u2019expertise internationale en pharmacie et en sant\u00e9 mondiale, une connaissance approfondie de la pharmacie et un vaste r\u00e9seau professionnel.<\/span><\/p>\n<p><span style=\"color: #000000;\">Nous allons au-del\u00e0 de la fourniture d\u2019informations pertinentes : nos conseils s\u2019appuient sur des donn\u00e9es contextualis\u00e9es, en se basant sur notre connaissance approfondie des diff\u00e9rences entre les pays et les r\u00e9gions, et leur impact sur la transposition d\u2019exp\u00e9riences \u00e9trang\u00e8res dans un autre pays. Nos services int\u00e8grent les d\u00e9fis et innovations en pharmacie, et sont bas\u00e9s sur un vaste r\u00e9seau professionnel, avec un seul but : vous apporter une forte valeur ajout\u00e9e en construisant vos succ\u00e8s pour la pharmacie.<\/span><\/p>\n<h2><\/h2>\n<h2>Une passion pour la Pharmacie, combin\u00e9e \u00e0 une expertise mondialement reconnue<\/h2>\n<p>Le fondateur et directeur de Pharmacy and Consulting, est Dr Luc Besancon, qui a travaill\u00e9 \u00e0 la F\u00e9d\u00e9ration Internationale Pharmaceutique (FIP), l\u2019organisation mondiale qui regroupe plus de 130 associations nationales de pharmaciens, entre 2008 et 2017, notamment en tant que Directeur G\u00e9n\u00e9ral de 2013 \u00e0 2017.<\/p>\n<p>Avant de rejoindre la FIP, Dr Besan\u00e7on a travaill\u00e9 en tant que responsable des affaires professionnelles et internationales \u00e0 l\u2019Ordre national des Pharmaciens, le r\u00e9gulateur des pharmaciens en France.<\/p>\n<p>Dr Besan\u00e7on est titulaire d\u2019un dipl\u00f4me de Docteur d\u2019\u00c9tat en pharmacie obtenu \u00e0 l\u2019Universit\u00e9 de Bourgogne, France, apr\u00e8s une formation en France et au Canada. Il a compl\u00e9t\u00e9 sa formation avec un Mast\u00e8re en communication, option Relations Publiques Europ\u00e9ennes, de l\u2019Universit\u00e9 Paris-La Sorbonne \/ CELSA, France.<\/p>\n<h2><\/h2>\n<h2 style=\"text-align: left;\">Nouvelles du monde<\/h2>\n<p>Nous assurons une veille pouss\u00e9e afin que nos services refl\u00e8tent les derni\u00e8res \u00e9volutions de la pharmacie \u00e0 l&rsquo;\u00e9chelon national ou international.<\/p>\n<p>Nos partenaires re\u00e7oivent r\u00e9guli\u00e8rement une lettre d&rsquo;information qui soulignent ces \u00e9volutions, afin que leur strat\u00e9gie puisse int\u00e9grer aussi rapidement que possible les nouveaux d\u00e9fis et opportunit\u00e9s apparus \u00e0 travers le monde.<\/p>\n<p>Pour recevoir notre lettre d&rsquo;information, compl\u00e9ter le formulaire ci-contre.<\/p>\n<p>[XXXX]<\/p>\n<p>Vous pouvez aussi nous suivre sur LinkedIn et Twitter : [XXXX]<\/p>\n<p>&nbsp;<\/p>\n<p>&nbsp;<\/p>\n<h2>Des perspectives uniques et des donn\u00e9es exclusives<\/h2>\n<p><span style=\"color: #000000;\">Pharmacy and Consulting a d\u00e9velopp\u00e9 des bases de donn\u00e9es et un syst\u00e8me d&rsquo;informations uniques qui d\u00e9crivent le cadre \u00e9conomique et l\u00e9gal de la pratique pharmaceutique au niveau national, ainsi que les innovations essentielles en pharmacie, les meilleurs exemples en mati\u00e8re de partenariats innovants avec la pharmacie, dans le but\u00a0d&rsquo;apporter le meilleur soutien \u00e0 nos clients et partenaires.<\/span><\/p>\n","protected":false},"excerpt":{"rendered":"<p>Les services fournis par Pharmacy and Consulting s\u2019appuient sur des fondations solides : plus de 15 ans d\u2019expertise internationale en pharmacie et en sant\u00e9 mondiale, une connaissance approfondie de la pharmacie et un vaste r\u00e9seau professionnel. Nous allons au-del\u00e0 de la fourniture d\u2019informations pertinentes : nos conseils s\u2019appuient sur des donn\u00e9es contextualis\u00e9es, en se basant [&hellip;]<\/p>\n","protected":false},"author":1,"featured_media":0,"parent":205053,"menu_order":3,"comment_status":"closed","ping_status":"closed","template":"","meta":{"footnotes":""},"class_list":["post-205091","page","type-page","status-publish","hentry"],"_links":{"self":[{"href":"https:\/\/www.pharmacyandconsulting.com\/index.php?rest_route=\/wp\/v2\/pages\/205091","targetHints":{"allow":["GET"]}}],"collection":[{"href":"https:\/\/www.pharmacyandconsulting.com\/index.php?rest_route=\/wp\/v2\/pages"}],"about":[{"href":"https:\/\/www.pharmacyandconsulting.com\/index.php?rest_route=\/wp\/v2\/types\/page"}],"author":[{"embeddable":true,"href":"https:\/\/www.pharmacyandconsulting.com\/index.php?rest_route=\/wp\/v2\/users\/1"}],"replies":[{"embeddable":true,"href":"https:\/\/www.pharmacyandconsulting.com\/index.php?rest_route=%2Fwp%2Fv2%2Fcomments&post=205091"}],"version-history":[{"count":1,"href":"https:\/\/www.pharmacyandconsulting.com\/index.php?rest_route=\/wp\/v2\/pages\/205091\/revisions"}],"predecessor-version":[{"id":205256,"href":"https:\/\/www.pharmacyandconsulting.com\/index.php?rest_route=\/wp\/v2\/pages\/205091\/revisions\/205256"}],"up":[{"embeddable":true,"href":"https:\/\/www.pharmacyandconsulting.com\/index.php?rest_route=\/wp\/v2\/pages\/205053"}],"wp:attachment":[{"href":"https:\/\/www.pharmacyandconsulting.com\/index.php?rest_route=%2Fwp%2Fv2%2Fmedia&parent=205091"}],"curies":[{"name":"wp","href":"https:\/\/api.w.org\/{rel}","templated":true}]}}